{"id":2920,"date":"2024-03-30T23:15:23","date_gmt":"2024-03-30T23:15:23","guid":{"rendered":"https:\/\/www.misericordiamurtosa.pt\/?page_id=2920"},"modified":"2024-05-05T23:15:59","modified_gmt":"2024-05-05T22:15:59","slug":"creche-infantario-catl","status":"publish","type":"page","link":"https:\/\/www.misericordiamurtosa.pt\/?page_id=2920","title":{"rendered":"CRECHE\/INFANT\u00c1RIO\/CATL"},"content":{"rendered":"\n\n\n\n\n\n\n\n<h3>CRECHE<\/h3>\n\n<p>A Creche \u00e9 um equipamento de natureza socioeducativa vocacionado para o apoio \u00e0 fam\u00edlia e \u00e0 crian\u00e7a, destinado a acolher crian\u00e7as at\u00e9 aos 3 anos de idade, durante o per\u00edodo correspondente ao impedimento dos Respons\u00e1veis.\n<\/p>\n<p><strong>\nA Creche \u00e9 constitu\u00eddo por:<\/strong><\/p>\n\n2 Ber\u00e7\u00e1rios (dos 3 aos 12 meses) com capacidade para 10 + 10 crian\u00e7as;\n2 Salas dos 12 aos 24 meses com capacidade para 12 + 12 crian\u00e7as;\n2 Salas dos 24 aos 36 meses com capacidade para 15 + 15 crian\u00e7as.\n\n\n\n<p>Lorem Ipsum has been the industry&#8217;s standard dummy text ever since the 1500s.<\/p>\n\n\n\n\n<p>Lorem Ipsum has been the industry&#8217;s standard dummy text ever since the 1500s.<\/p>\n\n\n<h3>EEPE &#8211; ESTABELECIMENTO DE EDUCA\u00c7\u00c3O PR\u00c9-ESCOLAR<\/h3>\n\n<p>O EEPE (vulgo Infant\u00e1rio) \u00e9 um equipamento de natureza socioeducativa vocacionado para o apoio \u00e0 fam\u00edlia e \u00e0 crian\u00e7a, destinado a acolher crian\u00e7as entre os 3 anos e a idade de ingresso ao ensino b\u00e1sico, durante o per\u00edodo correspondente ao impedimento dos Respons\u00e1veis.\n<\/p>\n<p><strong>\nO EEPE \u00e9 constitu\u00eddo por:&nbsp;<\/strong><\/p>\n\n1 sala mista (3, 4 e 5 anos) com capacidade para 25 crian\u00e7as;\n1 sala mista (3, 4 e 5 anos) com capacidade para 25 crian\u00e7as;\n1 sala mista (3, 4 e 5 anos) com capacidade para 16 crian\u00e7as;\n\n\n\n\n\n<h3>CATL &#8211; CENTRO DE ATIVIDADES DE TEMPOS LIVRES<\/h3>\n\n<p>O CATL \u00e9 a resposta social que proporciona atividades de lazer a crian\u00e7as e jovens entre os 6 anos e os 12 anos de idade, nos tempos livres das responsabilidades escolares, desenvolvendo-se atrav\u00e9s de diferentes modelos de interven\u00e7\u00e3o, nomeadamente acompanhamento\/inser\u00e7\u00e3o, pr\u00e1tica de atividades espec\u00edficas e multiactividades, incidindo, de modo particular, nas \u00e1reas do desenvolvimento psicomotor, psicossocial, cognitivo, bem como da comunica\u00e7\u00e3o e constru\u00e7\u00e3o de c\u00f3digos formais de aprendizagem.<\/p>\n<p><strong><\/strong>O CATL \u00e9 constitu\u00eddo por:<\/p>\n\n1 sala polivalente com capacidade para 30 crian\u00e7as;\n\n\n\n<p>Lorem Ipsum has been the industry&#8217;s standard dummy text ever since the 1500s.<\/p>\n\n\n\n\nRua Uni\u00e3o Beneficente Murtoense<br>3870-264 Murtosa\n\n\n+351 234 860 362 [chamada para a rede fixa&nbsp;nacional]\n\n\ninfantario@misericordiamurtosa.pt\n\n\n\n\nRua Dr Raul Vaz,  MURTOSA\n\n\n\n\n\n\n\n\n\n\n\n\n","protected":false},"excerpt":{"rendered":"","protected":false},"author":1,"featured_media":0,"parent":0,"menu_order":0,"comment_status":"closed","ping_status":"closed","template":"","meta":{"pagelayer_contact_templates":[],"_pagelayer_content":"","footnotes":""},"class_list":["post-2920","page","type-page","status-publish","hentry"],"_links":{"self":[{"href":"https:\/\/www.misericordiamurtosa.pt\/index.php?rest_route=\/wp\/v2\/pages\/2920","targetHints":{"allow":["GET"]}}],"collection":[{"href":"https:\/\/www.misericordiamurtosa.pt\/index.php?rest_route=\/wp\/v2\/pages"}],"about":[{"href":"https:\/\/www.misericordiamurtosa.pt\/index.php?rest_route=\/wp\/v2\/types\/page"}],"author":[{"embeddable":true,"href":"https:\/\/www.misericordiamurtosa.pt\/index.php?rest_route=\/wp\/v2\/users\/1"}],"replies":[{"embeddable":true,"href":"https:\/\/www.misericordiamurtosa.pt\/index.php?rest_route=%2Fwp%2Fv2%2Fcomments&post=2920"}],"version-history":[{"count":16,"href":"https:\/\/www.misericordiamurtosa.pt\/index.php?rest_route=\/wp\/v2\/pages\/2920\/revisions"}],"predecessor-version":[{"id":3251,"href":"https:\/\/www.misericordiamurtosa.pt\/index.php?rest_route=\/wp\/v2\/pages\/2920\/revisions\/3251"}],"wp:attachment":[{"href":"https:\/\/www.misericordiamurtosa.pt\/index.php?rest_route=%2Fwp%2Fv2%2Fmedia&parent=2920"}],"curies":[{"name":"wp","href":"https:\/\/api.w.org\/{rel}","templated":true}]}}