{"id":92,"date":"2024-02-23T20:19:18","date_gmt":"2024-02-23T20:19:18","guid":{"rendered":"https:\/\/www.misericordiamurtosa.pt\/?page_id=92"},"modified":"2024-11-29T18:57:59","modified_gmt":"2024-11-29T18:57:59","slug":"inicio","status":"publish","type":"page","link":"https:\/\/www.misericordiamurtosa.pt\/","title":{"rendered":"In\u00edcio"},"content":{"rendered":"\n\n\n<h2>AS \u00daLTIMAS NOT\u00cdCIAS<\/h2>\n\n\n\n\n\n\n\n\n<p>Lorem Ipsum has been the industry&#8217;s standard dummy text ever since the 1500s.<\/p>\n\n\n\n\n<h2>QUEM SOMOS<\/h2>\n\n\n\n<p>A Irmandade da Santa Casa da Miseric\u00f3rdia da Murtosa, nascida em 1899 no Asilo-Hospital de S. Louren\u00e7o de Pardelhas e definida estatutariamente em abril de 1926, pretende ser um alicerce social no Concelho onde se insere, sendo vista como uma institui\u00e7\u00e3o de refer\u00eancia para o cuidado de Idosos e Crian\u00e7as, Pessoas com defici\u00eancia e forma\u00e7\u00e3o de Pais.<\/p>\n\n\n\n\n\n\n\n<h2>A NOSSA MISS\u00c3O<\/h2>\n\n\n\n<p>A sua miss\u00e3o centra-se na oferta e gest\u00e3o de respostas sociais no \u00e2mbito da Inf\u00e2ncia, da Pessoa com defici\u00eancia e dos Idosos, bem como na aposta no apoio e capacita\u00e7\u00e3o das fam\u00edlias com crian\u00e7as carenciadas nos seus mais diversos n\u00edveis. O seu p\u00fablico-alvo reside, essencialmente, no Concelho da Murtosa e situa-se nas diversas faixas et\u00e1rias. Os seus valores regem-se pela Doutrina Social da Igreja Cat\u00f3lica, alicer\u00e7ada nas Catorze Obras de Miseric\u00f3rdia e num c\u00f3digo de \u00e9tica e de conduta que adv\u00e9m dessa mesma postura social e religiosa. <\/p>\n\n\n\n\n\n<p>Lorem Ipsum has been the industry&#8217;s standard dummy text ever since the 1500s.<\/p>\n\n\n\n\n\n<h2>OBJETIVOS E DESTINAT\u00c1RIOS<\/h2>\n\n\n<p>A SCMM define-se como um conjunto de servi\u00e7os \u00e0 fam\u00edlia e \u00e0 comunidade, onde as portas se encontram abertas a todos os n\u00edveis sociais. Esta institui\u00e7\u00e3o, nas suas actua\u00e7\u00f5es, tem como objectivos:<\/p>\n\n\n\nAssegurar a satisfa\u00e7\u00e3o das necessidades b\u00e1sicas da pessoa idosa \u2013 alojamento, alimenta\u00e7\u00e3o, cuidados de sa\u00fade, higiene, conforto e ocupa\u00e7\u00e3o\/lazer;\n\n\nPromover a continuidade ou o restabelecimento das rela\u00e7\u00f5es familiares e de vizinhan\u00e7a, cooperando na viv\u00eancia dos idosos;\n\n\nOferecer aos idosos um espa\u00e7o de vida socialmente organizada e adaptada \u00e0s suas idades;\n\n\nAssegurar o acompanhamento psicossocial das crian\u00e7as, adolescentes, jovens, adultos e idosos;\n\n\nEstar ao servi\u00e7o do crescimento harmonioso e saud\u00e1vel das crian\u00e7as e adolescentes, contribuindo para o seu desenvolvimento integral;\n\n\nCooperar com as fam\u00edlias na sua miss\u00e3o educativa;\n\n\nIdentificar e dar resposta \u00e0s necessidades das fam\u00edlias e comunidade.\n\n\n\n<p>A SCMM tem como popula\u00e7\u00e3o alvo idosos, crian\u00e7as, adolescentes, jovens, fam\u00edlias e a comunidade em geral. <\/p>\n\n\n\n","protected":false},"excerpt":{"rendered":"","protected":false},"author":1,"featured_media":0,"parent":0,"menu_order":0,"comment_status":"closed","ping_status":"closed","template":"","meta":{"pagelayer_contact_templates":[],"_pagelayer_content":"","footnotes":""},"class_list":["post-92","page","type-page","status-publish","hentry"],"_links":{"self":[{"href":"https:\/\/www.misericordiamurtosa.pt\/index.php?rest_route=\/wp\/v2\/pages\/92","targetHints":{"allow":["GET"]}}],"collection":[{"href":"https:\/\/www.misericordiamurtosa.pt\/index.php?rest_route=\/wp\/v2\/pages"}],"about":[{"href":"https:\/\/www.misericordiamurtosa.pt\/index.php?rest_route=\/wp\/v2\/types\/page"}],"author":[{"embeddable":true,"href":"https:\/\/www.misericordiamurtosa.pt\/index.php?rest_route=\/wp\/v2\/users\/1"}],"replies":[{"embeddable":true,"href":"https:\/\/www.misericordiamurtosa.pt\/index.php?rest_route=%2Fwp%2Fv2%2Fcomments&post=92"}],"version-history":[{"count":37,"href":"https:\/\/www.misericordiamurtosa.pt\/index.php?rest_route=\/wp\/v2\/pages\/92\/revisions"}],"predecessor-version":[{"id":3581,"href":"https:\/\/www.misericordiamurtosa.pt\/index.php?rest_route=\/wp\/v2\/pages\/92\/revisions\/3581"}],"wp:attachment":[{"href":"https:\/\/www.misericordiamurtosa.pt\/index.php?rest_route=%2Fwp%2Fv2%2Fmedia&parent=92"}],"curies":[{"name":"wp","href":"https:\/\/api.w.org\/{rel}","templated":true}]}}